{"id":4307,"date":"2012-01-03T15:24:47","date_gmt":"2012-01-03T14:24:47","guid":{"rendered":"http:\/\/gesudere.at\/blog\/?page_id=4307"},"modified":"2013-10-23T12:32:54","modified_gmt":"2013-10-23T10:32:54","slug":"uber-fotohonorare","status":"publish","type":"page","link":"http:\/\/gesudere.at\/blog\/?page_id=4307","title":{"rendered":"\u00dcber Fotohonorare"},"content":{"rendered":"<p><strong>Falls Sie eine Preisliste erwartet haben &#8211; sorry, damit kann ich leider nicht dienen. Nur mit ein paar allgemeinen Hinweisen.<\/strong><\/p>\n<p><strong>1. Das Bild f\u00fcr die Zeitung<\/strong><\/p>\n<p>Nein, ich sende nicht jedem, der ein Bild gerne \u201ef\u00fcr die Zeitung\u201c h\u00e4tte, ein Bild in druckf\u00e4higer Aufl\u00f6sung und gratis zu. Auch nicht f\u00fcr Clubzeitungen, f\u00fcr solche, die von einer Hilfsorganisation oder einem wohlt\u00e4tigen Verein, einer religi\u00f6sen Vereinigung oder politisch engagierten Gruppe herausgegeben werden. F\u00fcr Fotos, die in Medien jeglicher Art ver\u00f6ffentlicht werden sollen, ist ein Werknutzungshonorar f\u00e4llig.<\/p>\n<p><strong>2. Das Bild f\u00fcr den privaten Gebrauch<\/strong><\/p>\n<p>Erwarten Sie bitte nicht, dass ich Ihnen und allen anderen gratis ein \u201eErinnerungsfoto\u201c per E-Mail sende. Wenn ich als Bildreporter unterwegs bin, habe ich einen Auftrag. Das versenden von Bildern kostet viel Zeit und auch Geld f\u00fcr die Internetdienste. Falls ich es in Ausnahmef\u00e4llen dennoch einmal tun sollte: Betrachten Sie es als wertvolles und pers\u00f6nliches Geschenk. Bedenken Sie jedoch: Jegliche weitere Nutzung bedarf meiner Zustimmung und ist in vielen F\u00e4llen auch honorarpflichtig.<\/p>\n<p><strong>3. Das Bild f\u00fcr den wohlt\u00e4tigen Zweck<\/strong><\/p>\n<p>Sollte ich mich entscheiden, eine karitative Aktion mit meinen Fotos zu unterst\u00fctzen, biete ich dies selbst und aktiv an. F\u00fcr alle anderen F\u00e4lle gilt: Auch karitative Organisationen, Sportvereine, kirchliche, kulturelle oder sonstige Vereinigungen behandle ich wie alle anderen Kunden.<\/p>\n<p>Versuchen Sie bitte nicht, mich mit dem Argument zu \u00fcberzeugen, dass es ja um einen guten Zweck geht. Schlie\u00dflich verzichten auch die Post nicht auf die Portogeb\u00fchren, das Hotel beim Charity-Dinner nicht auf die Kosten f\u00fcr Getr\u00e4nke und Essen, die begleitende PR-Agentur nicht auf das Honorar und die Funktionstr\u00e4ger nicht auf die Spesen. Dass Kirchen die Kirchenbeitr\u00e4ge mitunter erbarmungslos eintreiben ist ebenfalls bekannt.<\/p>\n<p>Auch der Appell, dass es ja \u201eum ein gemeinsames Anliegen\u201c geht, ist sinnlos. Unser aller gemeinsames Anliegen, n\u00e4mlich nicht zu verhungern, wird auch die Kassierin im Supermarkt oder den Kellner im Restaurant wenig beeindrucken.<\/p>\n<p><strong>4. Das Bild f\u00fcr den Gastkommentar<\/strong><\/p>\n<p>Medienunternehmen fetten in vielen F\u00e4llen eine Anzeigen-Sonderstrecke mit Expertenkommentaren auf. Das ist auch legitim. Allerdings verweigere ich, gratis Portraitfotos f\u00fcr diesen Zweck zur Verf\u00fcgung zu stellen. Das Argument, dass ja mein Name beim Foto erw\u00e4hnt wird und dies daher wertvolle Eigenwerbung sei, kann und will ich gar nicht nachvollziehen. Auch diese Fotos sind honorarpflichtig. Und die Namensnennung des Fotografen ist ohnehin verpflichtend.<\/p>\n<p><strong>5. Das Bild aus dem Archiv<\/strong><\/p>\n<p>Erwarten Sie bitte nicht, dass ich Archivbilder gratis zur Verf\u00fcgung stelle. Das Archiv ist das Warenlager der Journalisten und Fotografen, genauso wie das Ersatzteillager des Automechanikers. Die Investitionen m\u00fcssen sich daher auch lohnen. Sollten Sie dennoch der Meinung sein, ein bestimmtes Bild, das ich gemacht habe, zu brauchen: Beachten Sie bitte, dass die Suche im Archiv sehr aufw\u00e4ndig ist und Zeit in Anspruch nimmt. Auch das kann nur in Ausnahmef\u00e4llen honorarfrei m\u00f6glich sein.<\/p>\n<p><strong>6. Der Reportageauftrag<\/strong><\/p>\n<p>Gelegentlich kommt es vor, eine Einladung zu einer Veranstaltung zu bekommen. Verbunden mit der Bitte, meine Kameraausr\u00fcstung mitzunehmen und zu fotografieren. Mit dem Hinweis, dass der Eintritt, ein paar Getr\u00e4nke und das Buffet gratis sind. Im Gegenzug bittet man dann \u201eum ein paar Fotos f\u00fcr die Zeitung und die Homepage\u201c. Ich ersuche um Verst\u00e4ndnis, wenn ich Angebote dieser Art &#8211; nicht immer von der Muse der H\u00f6flichkeit gek\u00fcsst &#8211; ablehne. Abgesehen davon, dass uns Journalisten die ewig gleichen Buffets schon zum Hals heraush\u00e4ngen: W\u00e4hrend einer Fotoreportage kommt man weder zum essen noch trinken.<\/p>\n<p><strong>7. Das \u201eLow Budget-Bild\u201c<\/strong><\/p>\n<p>Medienkonzerne vermelden zwar regelm\u00e4\u00dfig Rekordgewinne, Agenturen betonen, wie gut das Gesch\u00e4ft geht. Allerdings nie, wenn ein Foto eingekauft wird. Dann gilt die Standard-Floskel: \u201e Wir haben leider kein Budget f\u00fcr Fotos.\u201c Das mag manchmal sogar stimmen, weil man vergessen hat, diese Leistung einzukalkulieren. Allerdings ist das nicht mein Problem. Es steht schlie\u00dflich jedem frei, Fotos selbst anzufertigen.<\/p>\n<p><strong>8. Das \u201eMeisterfoto\u201c<\/strong><\/p>\n<p>Nein, damit ist nicht ein Foto gemeint, das ein Fotografenmeister belichtet hat. Sondern ein gerne verwendeter Schm\u00e4h, um zu einem Gratis-Pressefoto zu kommen. \u201eDein Foto ist da beste, das ich von mir habe, ich darf das eh f\u00fcr die Presse verwenden, gell\u2026\u201c. Darf man. Gegen Ver\u00f6ffentlichungshonorar. Sonst nicht.<\/p>\n<p><strong>9. Das schon ver\u00f6ffentlichte Foto<\/strong><\/p>\n<p>Manche unterliegen scheinbar dem Irrtum, dass Fotos, die bereits ver\u00f6ffentlicht sind, \u201enichts kosten, weil sie ja schon bezahlt sind\u201c. Das ist ein Irrtum, der sehr teuer werden kann. Ebenso wie die Verwendung von Bildern, die im Internet publiziert werden. Profis \u00fcberpr\u00fcfen das auch regelm\u00e4\u00dfig. Mit immer besseren Tools, die es daf\u00fcr gibt.<\/p>\n<p><strong>10. Die Texte<\/strong><\/p>\n<p>F\u00fcr meine Texte gelten sinngem\u00e4\u00df ebenfalls die Punkte 1. bis 9.<\/p>\n<p>Prinzipiell k\u00f6nnen meine Fotos \u00fcber die Agentur <a href=\"http:\/\/www.picturedesk.com\/bild-disp\/apa\/de\/home.html\" target=\"_blank\">APA\/picturedesk.com<\/a> bezogen werden, ich helfe gerne dabei, die Links zu den entsprechenden Bildern zu recherchieren, die gew\u00fcnscht sind. \u00dcber die Preise f\u00fcr Werknutzungsbewilligungen informiert Sie die Agentur.<\/p>\n<p>Falls Sie jedoch der Meinung sein sollten, dass Fotos nichts kosten d\u00fcrfen: Es gibt Agenturen, die so etwas anbieten.<\/p>\n<div><div style=\"padding-top:10px;margin-bottom:10px;font-size:10pt;font-family:arial;font-weight:bold;\">Did you like this? Share it:<\/div><div class=simplesocial><a href=\"http:\/\/twitter.com\/share\" data-url=\"http:\/\/gesudere.at\/blog\/?page_id=4307\" data-text=\"%C3%9Cber+Fotohonorare\" class=\"twitter-share-button\" data-count=\"horizontal\">Tweet<\/a><script type=\"text\/javascript\" src=\"http:\/\/platform.twitter.com\/widgets.js\"><\/script><\/div><div class=simplesocial><iframe src=\"http:\/\/www.facebook.com\/plugins\/like.php?href=http%3A%2F%2Fgesudere.at%2Fblog%2F%3Fpage_id%3D4307&layout=standard&show_faces=false&width=450&action=like&colorscheme=light&height=35\" scrolling=\"no\" frameborder=\"0\" style=\"border:none; overflow:hidden; width:450px; height:25px;\" allowTransparency=\"true\"><\/iframe><\/div><div style=\"clear:both\"><\/div><a class=simplesocial onclick=\"return simplesocial(this,500,400)\" title=\"Share on Facebook\" style=\"background:url(http:\/\/gesudere.at\/blog\/wp-content\/plugins\/simple-social-sharing-widgets-icons\/icons_32\/facebook.png)\" href=\"http:\/\/www.facebook.com\/share.php?u=http%3A%2F%2Fgesudere.at%2Fblog%2F%3Fpage_id%3D4307&t=%C3%9Cber+Fotohonorare\"><\/a><a class=simplesocial onclick=\"return simplesocial(this,812,420)\" title=\"Share on Twitter\" style=\"background:url(http:\/\/gesudere.at\/blog\/wp-content\/plugins\/simple-social-sharing-widgets-icons\/icons_32\/twitter.png)\" href=\"http:\/\/twitter.com\/home?status=http%3A%2F%2Fgesudere.at%2Fblog%2F%3Fpage_id%3D4307\"><\/a><a class=simplesocial onclick=\"return simplesocial(this,435,500)\" title=\"Email a Friend\" style=\"background:url(http:\/\/gesudere.at\/blog\/wp-content\/plugins\/simple-social-sharing-widgets-icons\/icons_32\/email.png)\" href=\"http:\/\/www.freetellafriend.com\/tell\/?heading=Share+This+Article&bg=1&option=email&url=http%3A%2F%2Fgesudere.at%2Fblog%2F%3Fpage_id%3D4307\"><\/a><a class=simplesocial onclick=\"return simplesocial(this,750,500)\" title=\"Share on Blogger\" style=\"background:url(http:\/\/gesudere.at\/blog\/wp-content\/plugins\/simple-social-sharing-widgets-icons\/icons_32\/blogger.png)\" href=\"http:\/\/www.blogger.com\/blog_this.pyra?t&u=http%3A%2F%2Fgesudere.at%2Fblog%2F%3Fpage_id%3D4307&n=%C3%9Cber+Fotohonorare&pli=1\"><\/a><a class=simplesocial onclick=\"return simplesocial(this,890,550)\" title=\"Share on Delicious\" style=\"background:url(http:\/\/gesudere.at\/blog\/wp-content\/plugins\/simple-social-sharing-widgets-icons\/icons_32\/delicious.png)\" href=\"http:\/\/del.icio.us\/post?url=http%3A%2F%2Fgesudere.at%2Fblog%2F%3Fpage_id%3D4307&title=%C3%9Cber+Fotohonorare\"><\/a><a class=simplesocial onclick=\"return simplesocial(this,812,420)\" title=\"Share on Digg\" style=\"background:url(http:\/\/gesudere.at\/blog\/wp-content\/plugins\/simple-social-sharing-widgets-icons\/icons_32\/digg.png)\" href=\"http:\/\/digg.com\/submit?url=http%3A%2F%2Fgesudere.at%2Fblog%2F%3Fpage_id%3D4307&title=%C3%9Cber+Fotohonorare\"><\/a><a class=simplesocial onclick=\"return simplesocial(this,750,500)\" title=\"Share on Google\" style=\"background:url(http:\/\/gesudere.at\/blog\/wp-content\/plugins\/simple-social-sharing-widgets-icons\/icons_32\/google.png)\" href=\"http:\/\/www.google.com\/bookmarks\/mark?op=add&bkmk=http%3A%2F%2Fgesudere.at%2Fblog%2F%3Fpage_id%3D4307&title=%C3%9Cber+Fotohonorare\"><\/a><a class=simplesocial onclick=\"return simplesocial(this,812,420)\" title=\"Share on Myspace\" style=\"background:url(http:\/\/gesudere.at\/blog\/wp-content\/plugins\/simple-social-sharing-widgets-icons\/icons_32\/myspace.png)\" href=\"http:\/\/www.myspace.com\/Modules\/PostTo\/Pages\/?u=http%3A%2F%2Fgesudere.at%2Fblog%2F%3Fpage_id%3D4307&t=%C3%9Cber+Fotohonorare&c=http%3A%2F%2Fgesudere.at%2Fblog%2F%3Fpage_id%3D4307\"><\/a><a class=simplesocial onclick=\"return simplesocial(this,750,500)\" title=\"Share on StumbleUpon\" style=\"background:url(http:\/\/gesudere.at\/blog\/wp-content\/plugins\/simple-social-sharing-widgets-icons\/icons_32\/stumbleupon.png)\" href=\"http:\/\/www.stumbleupon.com\/submit?url=http%3A%2F%2Fgesudere.at%2Fblog%2F%3Fpage_id%3D4307&title=%C3%9Cber+Fotohonorare\"><\/a><a class=simplesocial onclick=\"return simplesocial(this,900,550)\" title=\"Share on Yahoo\" style=\"background:url(http:\/\/gesudere.at\/blog\/wp-content\/plugins\/simple-social-sharing-widgets-icons\/icons_32\/yahoo.png)\" href=\"http:\/\/buzz.yahoo.com\/buzz?targetUrl=http%3A%2F%2Fgesudere.at%2Fblog%2F%3Fpage_id%3D4307&headline=%C3%9Cber+Fotohonorare\"><\/a><a class=simplesocial onclick=\"return simplesocial(this,700,500)\" title=\"Share on Reddit\" style=\"background:url(http:\/\/gesudere.at\/blog\/wp-content\/plugins\/simple-social-sharing-widgets-icons\/icons_32\/reddit.png)\" href=\"http:\/\/reddit.com\/submit?url=http%3A%2F%2Fgesudere.at%2Fblog%2F%3Fpage_id%3D4307&title=%C3%9Cber+Fotohonorare\"><\/a><a class=simplesocial onclick=\"return simplesocial(this,812,500)\" title=\"Share on Technorati\" style=\"background:url(http:\/\/gesudere.at\/blog\/wp-content\/plugins\/simple-social-sharing-widgets-icons\/icons_32\/technorati.png)\" href=\"http:\/\/technorati.com\/faves?sub=favthis&add=http%3A%2F%2Fgesudere.at%2Fblog%2F%3Fpage_id%3D4307\"><\/a><a class=simplesocial title=\"RSS Feed\" style=\"background:url(http:\/\/gesudere.at\/blog\/wp-content\/plugins\/simple-social-sharing-widgets-icons\/icons_32\/rss.png)\" href=\"http:\/\/gesudere.at\/blog\/?feed=rss2\"><\/a><\/div><div style=\"clear:both;margin-bottom:20px\"><\/div>","protected":false},"excerpt":{"rendered":"<p>Falls Sie eine Preisliste erwartet haben &#8211; sorry, damit kann ich leider nicht dienen. Nur mit ein paar allgemeinen Hinweisen. 1. Das Bild f\u00fcr die Zeitung Nein, ich sende nicht jedem, der ein Bild gerne \u201ef\u00fcr die Zeitung\u201c h\u00e4tte, ein &hellip; <a href=\"http:\/\/gesudere.at\/blog\/?page_id=4307\">Weiterlesen <span class=\"meta-nav\">&rarr;<\/span><\/a><\/p>\n","protected":false},"author":1,"featured_media":0,"parent":0,"menu_order":0,"comment_status":"open","ping_status":"open","template":"","meta":{"footnotes":""},"class_list":["post-4307","page","type-page","status-publish","hentry"],"psp_head":"<title>Fotohonorare  Das ?bliche Gesudere<\/title>\r\n\r\n<meta name=\"robots\" content=\"index,follow\" \/>","_links":{"self":[{"href":"http:\/\/gesudere.at\/blog\/index.php?rest_route=\/wp\/v2\/pages\/4307","targetHints":{"allow":["GET"]}}],"collection":[{"href":"http:\/\/gesudere.at\/blog\/index.php?rest_route=\/wp\/v2\/pages"}],"about":[{"href":"http:\/\/gesudere.at\/blog\/index.php?rest_route=\/wp\/v2\/types\/page"}],"author":[{"embeddable":true,"href":"http:\/\/gesudere.at\/blog\/index.php?rest_route=\/wp\/v2\/users\/1"}],"replies":[{"embeddable":true,"href":"http:\/\/gesudere.at\/blog\/index.php?rest_route=%2Fwp%2Fv2%2Fcomments&post=4307"}],"version-history":[{"count":16,"href":"http:\/\/gesudere.at\/blog\/index.php?rest_route=\/wp\/v2\/pages\/4307\/revisions"}],"predecessor-version":[{"id":5530,"href":"http:\/\/gesudere.at\/blog\/index.php?rest_route=\/wp\/v2\/pages\/4307\/revisions\/5530"}],"wp:attachment":[{"href":"http:\/\/gesudere.at\/blog\/index.php?rest_route=%2Fwp%2Fv2%2Fmedia&parent=4307"}],"curies":[{"name":"wp","href":"https:\/\/api.w.org\/{rel}","templated":true}]}}